10) - (-4)/10. Let x be k/(-18) - (-151)/9. Let j = x - 11. What are the prime factors of j?
2, 3
Let q = 125 - 83. List the prime factors of q.
2, 3, 7
Let z = 1 + -6. Let x = -1 - z. List the prime factors of x.
2
Suppose 0 = -9*j + 3*j + 378. List the prime factors of j.
3, 7
Let y(q) = q + 39. Let k be y(0). Let u = 62 - k. List the prime factors of u.
23
Suppose 193 = 2*n + 2*n - y, -4*n + 4*y = -208. List the prime factors of n.
47
Suppose 79 = 3*o - s, 2*o = -5*s + 28 + 53. What are the prime factors of o?
2, 7
What are the prime factors of 3/(-21) - (-9)/((-252)/(-11120))?
397
Suppose -40 = -p + 2*r, 1 = 2*p + 5*r - 43. List the prime factors of p.
2
Let v(b) be the first derivative of -b**4/4 - 10*b**3/3 - 5*b**2 - 6*b + 4. Suppose 0 = -0*h + 5*h + 45. What are the prime factors of v(h)?
3
Let t = 170 - 90. What are the prime factors of t?
2, 5
Let q(k) = -19*k + 4. What are the prime factors of q(-2)?
2, 3, 7
What are the prime factors of -1*507*((-64)/(-24) + -3)?
13
Suppose -18*y + 17*y + 73 = 0. What are the prime factors of y?
73
Let h(q) = -q**2 - 7*q - 4. Let f be 2/(-6)*(-5 + 2). Suppose 2*a = -5*i - 29 - f, -4*i = a + 21. List the prime factors of h(a).
2, 3
Let n = -30 + 20. Let o(p) = -3*p. List the prime factors of o(n).
2, 3, 5
List the prime factors of -8 + 42 + 2 + 1.
37
Let i(s) = s - 5. What are the prime factors of i(8)?
3
Let w be ((-8)/3 + 2)*-36. Let x = 40 - w. List the prime factors of x.
2
Suppose -5*t - 155 = -3*v - 34, 4*t + 122 = 3*v. What are the prime factors of v?
2, 3, 7
Let p = -18 + 31. List the prime factors of p.
13
What are the prime factors of (-7 - -1)*3/(-1)?
2, 3
Suppose 3*w - 253 = 221. What are the prime factors of w?
2, 79
Let s be 1*(-8 + 0/2). Let v(z) be the first derivative of -z**4/4 - 3*z**3 - 4*z**2 + 8*z - 4. What are the prime factors of v(s)?
2
Let g = 5 - 7. Let f(y) = y**2. List the prime factors of f(g).
2
Suppose -2*d + 50 = -0*d. Suppose 3*z + 4 - d = 0. List the prime factors of z.
7
Suppose 386 + 114 = 5*m. List the prime factors of m.
2, 5
Suppose b - 58 = -b + c, 3*b - 80 = -2*c. What are the prime factors of b?
2, 7
Let h = 11 - 6. Suppose 36 = h*j - 4. What are the prime factors of j?
2
Let t(r) be the third derivative of r**5/60 + r**3/2 + r**2. List the prime factors of t(3).
2, 3
Let u(n) = -2*n - 8. List the prime factors of u(-10).
2, 3
Let j be (1 + 0)/(3/12). Suppose 4*q = -5*u + j, 0*q = u + 3*q - 3. List the prime factors of -5 - -6 - (-2 + u).
3
Suppose 4*j = -q + 112, 3*j - q = j + 56. List the prime factors of j.
2, 7
Let j(f) = -f**2 - 16*f + 7. List the prime factors of j(-15).
2, 11
Suppose -g - 2*g = -5*u - 115, 2*u + 109 = 3*g. What are the prime factors of g?
5, 7
Let o = -2 - -4. Let k = -20 + 36. Suppose k = o*q + 2*q. List the prime factors of q.
2
List the prime factors of 5*(-4)/5 + -1 + 35.
2, 3, 5
Suppose 0*a = -3*a. Let p be (24/30)/(-2*(-2)/360). Suppose -d - 3*d + p = a. List the prime factors of d.
2, 3
Let s = 1 + -2. Let k = 2 - -1. List the prime factors of (k - s) + 0 + 0.
2
Let r = 335 - 75. List the prime factors of r.
2, 5, 13
Suppose -195 = -5*i + 4*c, i + 0*c - 39 = 5*c. List the prime factors of i.
3, 13
Suppose -4*m - g - 48 = 0, m = -g - 0*g - 15. Let d(j) = -j**2 - 11*j - 5. Let b be d(-8). Let i = m + b. What are the prime factors of i?
2
Let r = -17 - -17. Suppose r = -t + 3*q + 19, 2*q - 127 = -3*t - 3*q. List the prime factors of t.
2, 17
Let o = 126 - 68. List the prime factors of o.
2, 29
Let r(p) = p**3 + 3*p**2 - 5*p - 2. Let q be r(-4). Suppose l = -f + q, 4*l = l + 9. List the prime factors of (3/(-9))/(f/21).
7
Suppose -3*c - 23 = -4*z - 0*c, 4*c + 9 = z. Let d(k) = -k**2 + 6*k + 6. List the prime factors of d(z).
11
Let i be 1 + (-2)/1 + 57. Suppose i = -5*t - 119. Let j = -22 - t. List the prime factors of j.
13
Let z = -1 + 6. Let w = z + 6. List the prime factors of w.
11
Suppose -k = 2*k - 5*u - 10, -k + 4*u = -8. Suppose k = z + z - 10. List the prime factors of z.
5
Suppose 0 = -5*t - 0*t - 5. What are the prime factors of ((-2)/(-2))/(t/(-51))?
3, 17
Let p = -48 - -65. List the prime factors of p.
17
Suppose -108 = 11*h - 15*h. List the prime factors of h.
3
Let x = -4 - -4. Let d = x + 31. Suppose 4*z = 1 + d. What are the prime factors of z?
2
Suppose 5*m - 129 + 29 = 0. Suppose c = 6*c - m. Let y(h) = h**2 - 3*h + 1. List the prime factors of y(c).
5
Let c = 58 - -8. What are the prime factors of c?
2, 3, 11
Suppose -12 - 48 = -4*u - 2*j, 3*u + 2*j - 45 = 0. List the prime factors of u.
3, 5
Let z = 35 - 20. What are the prime factors of z?
3, 5
Let x be 2/6 + (-4)/(-6). List the prime factors of ((-1)/(-2))/(x/10).
5
What are the prime factors of (0 - 2)/(8/(-944))?
2, 59
Let s(p) = 7*p - 10. Suppose -5*x + 3*i - 28 = 0, 3*x + 5*i + 60 = -2*x. Let f be s(x). What are the prime factors of (2/6)/((-2)/f)?
11
Let b(s) = -2 - 5 - 4*s + 9 + 4*s**2. What are the prime factors of b(2)?
2, 5
Let r be (38/6)/(8/24). Suppose r = -0*q + q. List the prime factors of q.
19
Let f = -22 - -11. Let b(c) = -c**3 - 11*c**2 + 8. What are the prime factors of b(f)?
2
Let i(u) = u**2 + 8*u + 13. Let f = -17 + 7. List the prime factors of i(f).
3, 11
List the prime factors of (1 + 305/10)*16/6.
2, 3, 7
Suppose 0 = x - 5*s + 22, s = 5*x + 21 - 7. Let d = -5 - x. Let l(i) = -2*i. What are the prime factors of l(d)?
2, 3
Let t = 0 - 1. What are the prime factors of (t - -3)/((-2)/(-12))?
2, 3
Let p(f) = -7*f**3 + f**2 + f - 1. Let b be p(1). List the prime factors of (10/(-6))/(2/b).
5
Suppose -45 = -16*a + 7*a. Suppose -3*z - 2*o = -4*o - 43, 3*o - 63 = -3*z. Suppose 6 = a*x + d - 7, -3*x = -4*d - z. List the prime factors of x.
3
What are the prime factors of (18/54)/((-1)/(-1284)*2)?
2, 107
Let z(g) = -g**3 + 2*g**2 - 4 + 117*g - 121*g + 7*g**2. List the prime factors of z(8).
2, 7
Let h be (-228)/(-44) + 4/(-22). Suppose -2*c = -h*o + 8, -o - 4*o + 12 = -3*c. Let k(p) = -p + 13. What are the prime factors of k(o)?
13
Let m(y) be the first derivative of -y**4/4 + y**3 + 3*y**2 - 4*y + 2. Let z be m(4). What are the prime factors of (z/2)/(4/18)?
3
Suppose -g + 9 = -2*o, -2*g + 9 = o - 4. Let y(j) = j**3 - 8*j**2 + 6*j + 9. Let d be y(g). Suppose 20 = 2*k + d. List the prime factors of k.
3
Let j = -8 + 11. Suppose 58 = -j*k + 163. List the prime factors of k.
5, 7
Suppose -k = 2*x + 3*x - 65, -52 = -3*x + 2*k. Let p be 0/(-2) + -6 + 0. Let t = x + p. List the prime factors of t.
2
Let o be (14/4 + -1)*2. Suppose o*j = -2*v + 42, 4*v = 2*j - 14 + 2. List the prime factors of j.
2
Suppose 3*z + 528 = 4*l - z, 2*l - 3*z - 263 = 0. What are the prime factors of l?
7, 19
Suppose 3*x + 5*g + 9 = 0, x + 3 = -5*g - 0. List the prime factors of (-2)/x - (-62)/6.
11
Suppose -5*u + 15 + 75 = 0. What are the prime factors of u?
2, 3
Let i(t) be the second derivative of t**4/6 + 7*t**3/6 - 3*t**2/2 - 5*t. List the prime factors of i(-6).
3
Let j = -15 - -15. List the prime factors of 3 - -17*(2 - j).
37
Let g = 87 - 59. Suppose -j + 35 = 4*m, 0*m + g = 2*m + 4*j. Let p = -2 + m. List the prime factors of p.
2, 3
Let y(d) = -d + 7. Let c be y(7). Let p be c/1 - (-10)/2. Suppose p*j - 6 = 2*j. List the prime factors of j.
2
Let h be 1 - (-4 - -2)/2. Suppose -h = 2*u - 4*u. What are the prime factors of 14 + (u + 1)/(-1)?
2, 3
Let m be 6 + -6 - (-1 + -44). Suppose -4*v = -m + 13. List the prime factors of 5 - (v/(-2))/2.
7
Suppose i - 3*i + 76 = 0. List the prime factors of i.
2, 19
What are the prime factors of 9*(-9)/(54/(-20))?
2, 3, 5
Suppose -5*b + 10*b - 105 = 0. Suppose -5*m - 9 = b. Let t = -2 - m. List the prime factors of t.
2
Suppose -59 - 34 = -3*t. What are the prime factors of t?
31
Suppose 6*o - o - 35 = 0. Let y(b) = 2*b - 10. What are the prime factors of y(o)?
2
Let w(d) = -d**3 + 9*d**2 - 5*d + 2. Let g be w(6). Suppose 2*j = 4*j - g. Suppose 7*s - 2*s - 5*l = j, -2*s = -l - 18. List the prime factors of s.
2, 5
Suppose 3*n = 9 + 24. What are the prime factors of n?
11
Let g(b) = b + 3. What are the prime factors of g(0)?
3
Let y be ((-1)/(-2))/((-1)/(-4)). Let p be y/(-2 + (-16)/(-6)). Suppose -4*f = -16, 2*f + f - 75 = -p*z. List the prime factors of z.
3, 7
Suppose a + 1 = 2, -s + 2*a = -26. What are the prime factors 